 = -7*m - o + 0*m**3 + m**3 + 0*m - 3*m**2 + 6*m. What is w(4)?
7
Let u = 12 + -7. Suppose 2*i - u = -p, -3*i + 3*p + 2 = 8. Let l(o) = 2*o - 1 + 5*o**2 + 1 - 1. Give l(i).
6
Let m(d) = d**2 - 5*d - 2. Suppose 5*o + 9 = 4*z, -2*o + 0*o = -5*z + 7. Suppose -a - z = -3*t + t, 3*t - 3*a - 9 = 0. Let i be (-10)/(1/(1/t)). Determine m(i).
-2
Let r = -5 + 8. Let k(b) be the third derivative of 1/12*b**4 - 2/3*b**r + 0 - 2*b**2 + 0*b. Give k(3).
2
Let x be 2*(1 + (-6)/4). Suppose 23*z = 21*z + 6. Let u be x/3*(z - -3). Let k(v) = v**3 + v**2 + v. What is k(u)?
-6
Let w(z) = -z**3 + 4*z**2 + 4. Let o be w(4). Let q(t) = -4*t**2 - 9*t + 5. Let a(b) = -b**2 - b. Let m(f) = 5*a(f) - q(f). Determine m(o).
-5
Suppose -3*c - 17 = 1. Let s be 2/1*9/c. Let d(o) be the first derivative of o**4/4 + 2*o**3/3 - o**2/2 + o + 2. Determine d(s).
-5
Let m(b) = 3*b + 20. Let q be m(-7). Suppose 3*j + 0 = 5*w - 2, -3*w = -3*j. Let d(z) = -3*z - 7*z**2 + j + 3*z. What is d(q)?
-6
Let f(z) = -2 - z**2 - 5 - 7*z - 1. Let a be 2*(-57)/18 - (-3)/9. Give f(a).
-2
Let c(g) = -g**2 - 4*g + 6. Let d be c(-5). Let b(k) = -k**3 - k**2 - k + 1. What is b(d)?
-2
Let c(l) be the third derivative of -1/12*l**5 + 1/6*l**3 + 0*l - 1/12*l**4 + 0 + 4*l**2. Give c(1).
-6
Suppose 7*s = 2*s. Let n = -3 - s. Let j(b) = -b**3 - 4*b**2 + 1. Calculate j(n).
-8
Let u(n) be the first derivative of 2*n**2 - 3*n + 4. Suppose 2*a + 2 = 3*a. What is u(a)?
5
Let n(m) = 1 - 6*m**2 + 2*m + 4*m**2 + 0*m**2. Suppose -4*q + 8*q = 40. Let u(h) = h**2 - 11*h + 12. Let j be u(q). Determine n(j).
-3
Suppose 2*f - 5*j = 26, f - 17 = 2*f + 5*j. Let h(u) = -u**3 + 3*u**2 + 4*u - 1. What is h(f)?
11
Let y(z) = -z**3 + 2*z**2 + 3*z + 4. Let a = -4 + 7. What is y(a)?
4
Let u(f) = f**2 + 4*f + 3. Suppose 0 = -m + 5*l - 2 + 3, -10 = -2*m + 2*l. Let i = m - 10. Let c be u(i). Let z(d) = -2*d - 3. What is z(c)?
-9
Let s(j) = -j**3 + j**2 - 5*j + 9. Let h(a) = a**2 - 1. Let r(l) = 5*h(l) + s(l). Calculate r(5).
4
Let h(a) be the first derivative of a**5/30 + a**4/12 - 2*a**3/3 - 2. Let v(k) be the third derivative of h(k). Determine v(-2).
-6
Let y(z) = -4*z - 1. Suppose -4*m - 1 - 3 = 0, k = 5*m + 4. Calculate y(k).
3
Let d(k) be the third derivative of -k**4/24 - k**3/2 - 10*k**2. What is d(-6)?
3
Suppose -2*m - 2*b = -4*m + 10, 2*m + 5*b = -25. Let p(n) = 3*n**3 + m*n**3 + 4*n - 3*n. Let d be 2/3 - (-2)/6. Calculate p(d).
4
Let u(q) be the third derivative of q**4/8 + q**3/3 - 2*q**2. Let v(k) = -k - 2. Let t be v(2). Calculate u(t).
-10
Let p(w) = 2*w**2 + 25*w + 15. Let t(b) = b**2 + 13*b + 7. Let n(h) = -3*p(h) + 5*t(h). Give n(-8).
6
Let n(k) = k - 9. Let h be n(4). Let g(d) be the first derivative of -d**2/2 + 7*d + 1. Give g(h).
12
Let s(z) = 5*z**2 + 9*z - 3. Let h(l) = 5 - 2*l - 8*l - 2 - 1 - 6*l**2. Let d(o) = -4*h(o) - 5*s(o). Calculate d(-6).
1
Suppose -2*d + 2*s + 11 = d, 21 = 5*d - 4*s. Let f = d + 3. Let u(c) = 7*c + 3*c + 1 - c**2 - f*c. Give u(5).
6
Let n(r) = -3*r - 3. Let o(i) = -i**2 + 2*i + 5. Let h(m) = m**3 - 7*m**2 - 7*m - 4. Let d be h(8). Let u be o(d). What is n(u)?
6
Let x(s) be the third derivative of 1/120*s**6 + 0 - s**2 + 7/24*s**4 - 5/6*s**3 + 0*s - 1/10*s**5. Give x(5).
5
Let a(y) be the third derivative of 11*y**4/24 + y**3/6 - 40*y**2. Calculate a(1).
12
Let x(l) = 3*l. Let y(z) = -16*z. Let i(w) = -11*x(w) - 2*y(w). Calculate i(9).
-9
Let r be 23 + (0 - (-9)/(-3)). Suppose -2*a = 2*y + y - 15, -y + 3 = 0. Suppose 4*l + 3*c = 25, a*c = -2*l - c + r. Let j(k) = k**2 - 6*k + 3. What is j(l)?
-5
Suppose -7 = -5*k - 2. Let s(c) be the first derivative of 6*c - 1/2*c**2 + k. Calculate s(5).
1
Let n be -2 + 4 - 16/8. Let q(t) = t**3 + t - 3. Give q(n).
-3
Let r(d) be the second derivative of -d**5/20 + d**4/3 + d**3 - 5*d**2/2 + 6*d + 7. Let g(j) = -j**3 - j**2 + 3*j - 4. Let c be g(-3). Calculate r(c).
0
Let i(h) = 6 + 8*h - 5*h**3 + 3*h**2 - 8*h**3 - 2*h**2 - 3*h. Let v(n) = 27*n**3 - 2*n**2 - 11*n - 13. Let w(p) = 13*i(p) + 6*v(p). What is w(1)?
-7
Suppose 4 = -7*f + 3*f. Let n(j) = -2*j**3 + 15*j**2 - 13. Let x(t) = t**3 - 8*t**2 + 7. Let s(p) = -6*n(p) - 11*x(p). What is s(f)?
-2
Let b(s) be the second derivative of s**5/10 - s**4/4 - 5*s**3/6 + 2*s**2 + 7*s. Let g = 5 - 2. What is b(g)?
16
Let r = -5 + 4. Let v(m) be the second derivative of 0 + 1/12*m**4 - 5*m + 1/6*m**3 + 2/5*m**5 + 1/2*m**2. Give v(r).
-7
Suppose 13*x + 5 = 18*x. Let r(z) = -7*z**2 - 2*z + 1. What is r(x)?
-8
Let v(o) = -o**2 + o + 1. Let r be v(0). Let y(p) = 12*p**3 + 2*p - 1. What is y(r)?
13
Let u(z) = -z - 5. Suppose 0 = -4*g - 5*k - 29, -2*g - 2*g - k = 25. Calculate u(g).
1
Let v = 2 - -8. Let u(t) = -6 + 11*t**2 - v*t**2 - 2*t + 5. What is u(2)?
-1
Let p(x) = -x**2 + x - 1. Suppose -q + 13*h = 8*h + 20, -12 = -3*h. Give p(q).
-1
Let c(t) be the second derivative of t**3/6 - 3*t**2/2 + 6*t. Determine c(9).
6
Suppose -4*v - 5*o = -25, 5*v + 4*o = o + 15. Suppose v = -6*a + 2*a + 8. Let y(m) = m**3 - 4*m**2 - 3*m + 3. Give y(a).
-11
Let l(a) = 2*a. Let w be (-22)/(-6) + 3*12/(-54). What is l(w)?
6
Let m be (-2 - 1) + 8 + -5. Let r(u) = 4*u - 2*u**3 - 5*u + 3*u**3 + u**2 + 2 + 0*u. Calculate r(m).
2
Let a(y) be the second derivative of 5*y**3/2 - y**2/2 - 7*y. Give a(1).
14
Let l(d) = -3*d - 26. Let a be l(-7). Let i(b) = -b**3 - 4*b**2 + 6*b - 1. Calculate i(a).
-6
Let m = 14 - 10. Suppose 6 = m*l - 2. Let i(y) = y + 0 - 3*y**2 - 4*y**l + 1. Calculate i(-1).
-7
Let b(t) = -6*t**2 - 8*t + 1. Let w(d) = 7*d**2 + 8*d - 1. Let v(y) = -6*b(y) - 5*w(y). Give v(-8).
-1
Let h(c) = c**2 - 10*c + 1. Let x be h(9). Let f(g) = -g**2 - 9*g - 12. Determine f(x).
-4
Let l(q) = -2*q**2 + 4*q - 1. Suppose -2*u + 4*w - 18 = 0, -4*w = -3*u + w - 23. Let g be (0 - -2) + 0 - u. Calculate l(g).
-7
Let r(a) be the third derivative of -7*a**4/12 + a**3/6 - 13*a**2 - 1. Let m be 2*1 + (-2 - -1). What is r(m)?
-13
Let o(g) = -g**2 - 13*g - 9. Let n(i) = -i - 1. Let r(k) = 3*n(k) - o(k). Let s be r(-9). Let j(h) = -h + 0 + 2 + 2*h. Give j(s).
-1
Let m(j) = -j - 3. Let v be m(-3). Suppose v = 2*n - 4. Let h(y) = 4*y + 4*y**2 - 5*y**2 + 0*y**n. Determine h(5).
-5
Let v(y) = 6*y - 5. Let j(t) = -7*t + 6. Let o(z) = -4*j(z) - 5*v(z). Determine o(2).
-3
Let d(z) = -4*z - 67 - z**2 + 63 + 0*z. Give d(-3).
-1
Suppose -18 = 2*d - 5*i - 0*i, 4*d = i - 18. Let w be (0/3)/(d + 2). Let a(k) = k**3 - k**2. Determine a(w).
0
Suppose 38 = 3*y + 4*v, 4*v + 4 = 7*y - 3*y. Let g(m) = -m**3 + 5*m**2 + 8*m - 5. Give g(y).
7
Let a(s) = -9*s**2 + 3*s + 10. Let d(f) = -5*f**2 + f + 5. Let l(n) = -6*a(n) + 11*d(n). Determine l(-6).
1
Let t(k) be the third derivative of -k**6/120 + k**5/15 + k**4/4 + k**3/6 - 7*k**2. Calculate t(5).
6
Let i(g) = -2*g + 8. Let y = 18 - 11. Suppose -h + y = -0*h. Give i(h).
-6
Suppose -5*v + 4 = -3*v. Let c(p) = -p**3 - 3*p**2 + 4*p - 2. Give c(v).
-14
Let i(j) be the first derivative of 6*j**2 + 2*j - 7. Calculate i(-2).
-22
Suppose 2*k - 6 = -0. Let y(z) = -z**2 + 1. Determine y(k).
-8
Suppose 3 = y + 2*s - 3, 10 = 4*y + s. Suppose -2 = -b + 4*d, 3*b - 2*b = y*d - 2. Let p = b - -5. Let c(t) = -t**2 - t. Calculate c(p).
0
Let p(h) = -5*h - 4. Suppose -4*x + 2*x = 6. Give p(x).
11
Let a(f) be the third derivative of 0 + f**3 + 2*f**2 + 1/12*f**4 + 0*f. Give a(-6).
-6
Let t(g) = -g**3 + 6*g**2 - 4*g - 4. Suppose -21 = -5*n + 2*q, 5*n - 12 + 0 = -q. Let h be 7/1 - (-1 + n). What is t(h)?
1
Suppose 3*a + 0*j + 24 = -4*j, -17 = 5*a - j. Let y(w) = 2*w**2 + 5*w. Calculate y(a).
12
Let g = -4 + 9. Let j(o) = 8 - o**3 + 2*o**2 - 2 - 3*o + 3*o**2 + 1. Calculate j(g).
-8
Let j(c) = -4 - c + 3 - 3. Let i be 8/(-52) - 148/52. Calculate j(i).
-1
Suppose -2*j - 5*c + 0 = 2, -2*j - 4*c - 2 = 0. Let t(x) = 5*x**3 + x**2 - 1. Give t(j).
-5
Suppose -2*h = -5*m + 6*m - 9, -5*m + 15 = 4*h. Let x(z) = 2*z - 1. Let d(f) = 1. Let r(u) = d(u) + x(u). Give r(m).
-2
Let u(n) = n**3 - 5*n**2 + 6*n - 3. Let d be u(4). Let k(o) = -o + 1. Let a(m) = 7*m - 10. Let b(s) = d*k(s) + a(s). Let c = -9 + 14. Calculate b(c).
5
Let v = 22 - 16. Let o(m) = -8*m + v*m + m. Determine o(7).
-7
Suppose 0*j + 8 = 2*j. Suppose 2*z + 4 = j*z. Let i(t) = -2*t**2 + 3*t. Calculate i(z).
-2
Suppose s = -2*p + 37, 0*p = -2*p + 4*s + 22. Suppose -4*y = -4*k + 8, 6*k = y + 2